 = 2*r**2 + 14*r - 18. Let b be h(8). Suppose 2*q = j + 16 - b, 5*j = -2*q + 1078. List the prime factors of j.
2, 107
Let v = 1755 + -1113. Suppose 1 = -5*u + 11, 5*m - v = 4*u. List the prime factors of m.
2, 5, 13
Let s = -558 + 713. What are the prime factors of s?
5, 31
Suppose 446*n - 215*n - 1616040 = 207*n. What are the prime factors of n?
3, 5, 67
Let m(y) = 19308*y**2 - 138*y + 264. What are the prime factors of m(2)?
2, 3, 5, 11, 13
What are the prime factors of -5726*((-4)/(-20))/((-12)/30)?
7, 409
Let l be 5*(21/105)/(1/16686). Suppose -6*o - 3*o + l = 0. List the prime factors of o.
2, 3, 103
Let l = -1 - -18. Let t = l - 14. Suppose 2*z + g = 47, 4*g - 44 - 39 = -t*z. What are the prime factors of z?
3, 7
Let p = 8677 + 966. What are the prime factors of p?
9643
Let r(v) = -v**2 + 26*v + 10. Let z be r(26). List the prime factors of 0 + 129 - (-15 + z).
2, 67
Suppose 7884793 = 33*r + 109*r + 2426029. What are the prime factors of r?
2, 3, 43, 149
Let c(x) = -55*x + 8. Let f be 99/(-27) - (-6)/9. Let s be c(f). Let w = s - 19. List the prime factors of w.
2, 7, 11
Let u(a) = 4*a - 27. Let m be u(11). Let q(s) = s**3 - 16*s**2 - 18*s + 15. Let r be q(m). What are the prime factors of 1/(r*4/(-344))?
43
Suppose -5759*v + 475228 = -5740*v. What are the prime factors of v?
2, 13, 37
Let a = 9022 + -7018. What are the prime factors of a?
2, 3, 167
Let d(g) = 2*g - 31. Let f(c) = 3*c - 63. Let t(a) = -13*d(a) + 6*f(a). List the prime factors of t(-3).
7
Let y(s) = 69*s**3 - 10*s**2 + 25*s - 102. List the prime factors of y(6).
2, 3, 19
Let f(z) = z**3 - 15*z**2 - 85*z + 54. What are the prime factors of f(21)?
3, 5, 61
List the prime factors of ((-24)/(-18))/(108/491265).
5, 1213
Suppose -4*n - 8 + 22 = 3*s, -3*s = -5*n + 4. Suppose 0 = 4*b - n*h - 96, 5*b + 4*h - 125 = 21. What are the prime factors of (2 - b/6)/(7/(-147))?
7
Let z be (-786)/(-4)*(-4)/(-6). Suppose 3*f = -5*w + f + 129, 3*f = -5*w + z. Suppose -3*x - h + 130 = 0, -3*h + w = -8*h. List the prime factors of x.
3, 5
Let f(u) = -276*u - 246. What are the prime factors of f(-17)?
2, 3, 13, 19
Let v(c) = 13*c**2 + 218*c - 91. List the prime factors of v(-26).
13, 233
List the prime factors of 54/(-39)*1456/(-168).
2, 3
Let a = 166 - 325. Let w = a + 342. What are the prime factors of w?
3, 61
Suppose 7395 - 50901 = -6*n. What are the prime factors of n?
3, 2417
Suppose -14*y = -14 - 0. What are the prime factors of (-1 + -1)*y*(-1044)/24?
3, 29
Let p(h) = 3*h**2 + 6*h + 8. Let r be p(-1). Suppose 3*q = -4*j + 3135, j + 2*q - 91 = 689. Suppose r*u + j = 8*u. What are the prime factors of u?
2, 131
List the prime factors of 15/25 + (6 + 923856/40 - -3).
2, 3, 3851
Let t be (-7 - (-693)/35) + 2/10. Suppose 2*b = 5*q - 780, -t*b = -8*b + 25. List the prime factors of q.
2, 7, 11
Let q(c) = c**2 - 5*c - 26. Let k be q(-4). Suppose -1179 = -k*x + 1221. What are the prime factors of x?
2, 3, 5
Suppose 0 = 1498*h - 1510*h + 112944. List the prime factors of h.
2, 13, 181
Let z(v) = -v**2 - 12*v - 37. Let d be z(-8). Let p(f) = 34*f + 9. Let b be p(d). Let i = -95 - b. What are the prime factors of i?
2, 3, 11
Suppose 23*a - 29*a + 62898 = 0. Suppose 11*o + 0*o - a = 0. List the prime factors of o.
953
Suppose 207795 = 70*p - 126525. What are the prime factors of p?
2, 3, 199
Suppose -30*g + 186612 = 179772. What are the prime factors of g?
2, 3, 19
Suppose -3*s = 5*m - 157, -3*s - 118 = -3*m - 19. Let b be 4/(-14) - (-32)/14. List the prime factors of 16/m - (-185)/b.
3, 31
Suppose -5*f - 4 = -n - n, 2*n = 4*f + 8. What are the prime factors of (n + 474)*(-4)/(-3)?
2, 3
List the prime factors of (24929/1)/((-58 + 54)/(-2 - 2)).
97, 257
Suppose 5*w - 3*w + 18 = 0. Let d(b) = b**3 + 13*b**2 + 20*b + 18. What are the prime factors of d(w)?
2, 3
Let u(d) = 10*d**2 + d + 7. Let o be u(5). Suppose 2*i + 182 = -o. What are the prime factors of 1/3 + i/(-9) + -2?
23
Suppose 0 = -9*c + 25*c - 268016. What are the prime factors of c?
7, 2393
Let b(p) = -5*p**3 - 12*p - 37. Suppose 0 = -62*x + 59*x - 15. What are the prime factors of b(x)?
2, 3
Let m(p) be the first derivative of -p**4/12 + 5*p**3/3 + 11*p**2 - 10*p + 18. Let s(a) be the first derivative of m(a). What are the prime factors of s(10)?
2, 11
Let t = 26605 + 48780. What are the prime factors of t?
5, 15077
Suppose 10*w + 510 = 250. Let x(h) = -36*h - 210. List the prime factors of x(w).
2, 3, 11
Let f(a) = -76*a**3 - 10*a - 5*a**2 - 92 + 83 - a. What are the prime factors of f(-2)?
601
What are the prime factors of (-3 - -4)*19581 + 15?
2, 3, 23, 71
Let b(j) = -933*j**3 - 3*j**2 + 24*j + 55. What are the prime factors of b(-3)?
25147
Let b(w) = -w**3 + 21*w**2 - 46*w - 42. Let q(c) = 4*c**3 - 83*c**2 + 184*c + 168. Let g(s) = -9*b(s) - 2*q(s). What are the prime factors of g(22)?
2, 3, 5, 19
Let p = -5501 - -10664. List the prime factors of p.
3, 1721
Let k(g) = 4*g**2 - 59*g + 1719. List the prime factors of k(-83).
2, 8543
Let s(r) = 1203*r**2 - 204*r + 1259. List the prime factors of s(6).
89, 487
Let q(o) = 2*o**2 - 17*o + 8. Suppose -30*b + 536 = -154. What are the prime factors of q(b)?
3, 5
Suppose 0*p - 12*p = 3552. Let b = -166 - p. What are the prime factors of b?
2, 5, 13
Let q(u) = -u**2 + 10 + 6*u**2 - 19*u - 30. Let h(x) = 4*x**2 - 18*x - 21. Let m(s) = -4*h(s) + 3*q(s). List the prime factors of m(15).
2, 3
Let j be (48/(-64))/(3/(-20) - 0). Suppose -j*s = -15*s + 1430. Let p = s + -81. What are the prime factors of p?
2, 31
Let a = 446 + -78. Let h be 0/(-1) + -3 + 8 + -8. What are the prime factors of (-3)/45*h - a/(-10)?
37
What are the prime factors of (((-2151)/27*-12)/(4/(-244)))/(-2)?
2, 61, 239
Let i = 52 - 51. List the prime factors of (-11)/(165/830)*-3*i.
2, 83
Let s be -339*((-50)/6)/5. Let y = s - 178. What are the prime factors of y?
3, 43
Suppose 5*j + 6 + 12 = o, 4*j + 16 = 0. What are the prime factors of (-58633)/(-153) - o/(-9)?
383
Suppose 5*i = -4*t + 20, -2*t + 24 = 4*i + 2. Suppose -2387 = -i*d + d. What are the prime factors of d?
11, 31
Let m(c) = -c + 3. Let t be m(0). Let z(w) = 61*w - 362. Let q be z(6). Suppose -8 = -t*n - x + 2*x, -5*x = q*n - 36. What are the prime factors of n?
2
Let v be 9 + 0 - (0 - (6 + -3)). Suppose -6*g = v*g - 10098. List the prime factors of g.
3, 11, 17
Suppose 150 = -2*k + 7*k. Suppose -r = 3*s + 88, -214 = 3*r + 5*s + k. Let t = r - -149. List the prime factors of t.
2, 19
List the prime factors of 12 + -5 + 17901 + -17 + 10.
3, 13, 17
Let b = 1367 + -651. Suppose 4*g - b = 1164. What are the prime factors of g?
2, 5, 47
Let n = 5378 - 3260. List the prime factors of n.
2, 3, 353
Let y(a) = -17*a**3 + 11*a + 9*a - 23*a - 5*a**2 + 4*a - 3 + 18*a**3. Let x = -2 + 9. List the prime factors of y(x).
2, 3, 17
Suppose -2*r - 5*d + 402 = 0, r + d - 181 = 29. What are the prime factors of r?
2, 3
Let t be -73 - (8 - 10)*-1*1. Let w be (3390/t)/(-1 - 4/(-5)). Suppose 6*y = 4*u + 3*y - w, -3*y = -3*u + 171. List the prime factors of u.
5, 11
Suppose 0 = 241*m - 231*m - 66680. What are the prime factors of m?
2, 1667
Suppose -6*n + 3723 - 1269 = -31428. What are the prime factors of n?
5647
What are the prime factors of (-11)/(-55) - (53/15)/(8/(-12552))?
2, 3, 7, 11
Let a = -59699 - -85679. What are the prime factors of a?
2, 3, 5, 433
Let s(l) = -2*l**2 - 16*l + 18. Let k be s(-9). Suppose -4*u = u - 5*p - 4460, k = -2*p. List the prime factors of u.
2, 223
Let c(u) = -u**3 - 3*u**2 - 3*u. Suppose 26 = -w + 24. Let t be c(w). List the prime factors of 66 + ((-3)/3 - t).
3, 7
Let k(y) = -1024*y - 97. What are the prime factors of k(-5)?
5023
Let u(w) = -3*w**3 + 7*w**2 + 3*w + 16. List the prime factors of u(-13).
23, 337
What are the prime factors of (-25)/(150/2972)*153/(-2)?
3, 17, 743
Let i = -4504 - -18528. What are the prime factors of i?
2, 1753
Let g be (-88)/(-6)*(-6)/(-4). Suppose 35*s - 235 = -12*s. Suppose s*j = g + 318. What are the prime factors of j?
2, 17
Let u(r) = -r**2 + 18*r - 6. Let j be u(16). Let d = 26 - j. Suppose 431 = 5*y - h, 85 = y - d*h + h. What are the prime factors of y?
2, 43
Suppose 3066 = 2*l - 36. Suppose 5*z + 6*z = l. Let j = z - 111. List the prime factors of j.
2, 3, 5
Suppose 0 = -4*s + 8, -3*p + 0*p + s + 190450 = 0. Wh